0.
153
Calculate the remainder when 1461 is divided by 485.
6
What is the remainder when 30989 is divided by 17?
15
Calculate the remainder when 18367 is divided by 428.
391
What is the remainder when 860 is divided by 59?
34
Calculate the remainder when 3247 is divided by 1607.
33
What is the remainder when 2856 is divided by 779?
519
What is the remainder when 481602 is divided by 53?
44
Calculate the remainder when 36197 is divided by 115.
87
What is the remainder when 356194 is divided by 35?
34
What is the remainder when 16111 is divided by 5365?
16
What is the remainder when 96482 is divided by 23?
20
What is the remainder when 74384 is divided by 1813?
51
What is the remainder when 116506 is divided by 40?
26
What is the remainder when 405 is divided by 162?
81
What is the remainder when 156 is divided by 118?
38
What is the remainder when 20455 is divided by 525?
505
Calculate the remainder when 153290 is divided by 29.
25
What is the remainder when 943 is divided by 366?
211
What is the remainder when 11942033 is divided by 13?
12
Calculate the remainder when 13649 is divided by 99.
86
What is the remainder when 19030 is divided by 4573?
738
What is the remainder when 850 is divided by 78?
70
What is the remainder when 102323 is divided by 2177?
4
What is the remainder when 4983 is divided by 89?
88
Calculate the remainder when 10199 is divided by 14.
7
What is the remainder when 180455 is divided by 5821?
4
Calculate the remainder when 2170 is divided by 357.
28
What is the remainder when 375038 is divided by 125010?
8
What is the remainder when 545668 is divided by 60?
28
What is the remainder when 66065 is divided by 286?
285
Calculate the remainder when 3593477 is divided by 44.
41
What is the remainder when 2363125 is divided by 1705?
1700
What is the remainder when 25330 is divided by 8428?
46
What is the remainder when 8360 is divided by 4142?
76
Calculate the remainder when 927 is divided by 448.
31
Calculate the remainder when 16071 is divided by 27.
6
Calculate the remainder when 87029 is divided by 294.
5
What is the remainder when 1202199 is divided by 246?
243
Calculate the remainder when 779 is divided by 259.
2
Calculate the remainder when 18282 is divided by 18088.
194
What is the remainder when 319460 is divided by 136?
132
What is the remainder when 45862 is divided by 56?
54
Calculate the remainder when 24291 is divided by 17.
15
What is the remainder when 260089 is divided by 32510?
9
What is the remainder when 1196761 is divided by 153?
148
What is the remainder when 68499 is divided by 170?
159
Calculate the remainder when 690153 is divided by 684.
681
What is the remainder when 101585 is divided by 72?
65
What is the remainder when 34240 is divided by 17118?
4
Calculate the remainder when 65009 is divided by 2.
1
Calculate the remainder when 9251 is divided by 143.
99
Calculate the remainder when 9034 is divided by 368.
202
Calculate the remainder when 6127 is divided by 3056.
15
What is the remainder when 9066 is divided by 346?
70
Calculate the remainder when 4528 is divided by 565.
8
Calculate the remainder when 5775 is divided by 5683.
92
Calculate the remainder when 45891 is divided by 154.
153
Calculate the remainder when 13175 is divided by 1459.
44
Calculate the remainder when 1761 is divided by 164.
121
Calculate the remainder when 45648 is divided by 5067.
45
Calculate the remainder when 73534 is divided by 238.
230
What is the remainder when 61712 is divided by 10281?
26
Calculate the remainder when 221522 is divided by 397.
393
Calculate the remainder when 26566 is divided by 46.
24
Calculate the remainder when 1903375 is divided by 337.
336
What is the remainder when 285301 is divided by 162?
19
Calculate the remainder when 108499 is divided by 30.
19
What is the remainder when 1719491 is divided by 573160?
11
What is the remainder when 3120 is divided by 898?
426
Calculate the remainder when 1337 is divided by 98.
63
What is the remainder when 111101 is divided by 224?
221
What is the remainder when 12999 is divided by 174?
123
What is the remainder when 23528 is divided by 2351?
18
What is the remainder when 846 is divided by 696?
150
What is the remainder when 11780 is divided by 236?
216
Calculate the remainder when 4901 is divided by 264.
149
Calculate the remainder when 487 is divided by 29.
23
Calculate the remainder when 279567 is divided by 93189.
0
What is the remainder when 3828 is divided by 1418?
992
Calculate the remainder when 2882 is divided by 60.
2
What is the remainder when 47015 is divided by 11750?
15
What is the remainder when 5552 is divided by 161?
78
What is the remainder when 137 is divided by 31?
13
Calculate the remainder when 737 is divided by 179.
21
Calculate the remainder when 51305 is divided by 16.
9
Calculate the remainder when 227093 is divided by 6.
5
What is the remainder when 48631 is divided by 412?
15
Calculate the remainder when 3500 is divided by 414.
188
What is the remainder when 12349 is divided by 1050?
799
Calculate the remainder when 79866 is divided by 79862.
4
What is the remainder when 614588 is divided by 291?
287
Calculate the remainder when 124116 is divided by 580.
576
Calculate the remainder when 4128 is divided by 143.
124
Calculate the remainder when 9072 is divided by 231.
63
What is the remainder when 6414 is divided by 403?
369
What is the remainder when 5911 is divided by 532?
59
What is the remainder when 685860 is divided by 38?
36
What is the remainder when 351849 is divided by 117280?
9
Calculate the remainder when 32337 is divided by 19.
18
Calculate the remainder when 4313 is divided by 21.
8
What is the remainder when 1677 is divided by 58?
53
Calculate the remainder when 1317 is divided by 266.
253
What is the remainder when 2716 is divided by 736?
508
What is the remainder when 26700 is divided by 329?
51
Calculate the remainder when 26887 is divided by 9.
4
Calculate the remainder when 21837 is divided by 187.
145
Calculate the remainder when 2850 is divided by 421.
324
Calculate the remainder when 3110 is divided by 620.
10
What is the remainder when 109073 is divided by 42?
41
What is the remainder when 977 is divided by 310?
47
Calculate the remainder when 1390 is divided by 1341.
49
What is the remainder when 4651 is divided by 71?
36
What is the remainder when 2416 is divided by 690?
346
Calculate the remainder when 34 is divided by 19.
15
Calculate the remainder when 292285 is divided by 146140.
5
What is the remainder when 33279 is divided by 21?
15
Calculate the remainder when 5976 is divided by 2987.
2
What is the remainder when 146909 is divided by 209?
191
Calculate the remainder when 831267 is divided by 19.
17
What is the remainder when 73427 is divided by 765?
752
Calculate the remainder when 389789 is divided by 35.
29
Calculate the remainder when 660 is divided by 4.
0
What is the remainder when 510637 is divided by 510634?
3
Calculate the remainder when 1324 is divided by 241.
119
What is the remainder when 85418 is divided by 1220?
18
What is the remainder when 2570 is divided by 1279?
12
Calculate the remainder when 17170 is divided by 349.
69
What is the remainder when 38482 is divided by 34?
28
Calculate the remainder when 960405 is divided by 18.
15
What is the remainder when 2333 is divided by 36?
29
Calculate the remainder when 4985 is divided by 1611.
152
Calculate the remainder when 56198 is divided by 114.
110
Calculate the remainder when 87715 is divided by 76.
11
Calculate the remainder when 374286 is divided by 1709.
15
Calculate the remainder when 3297 is divided by 332.
309
Calculate the remainder when 14349 is divided by 171.
156
What is the remainder when 6563 is divided by 559?
414
What is the remainder when 19109 is divided by 47?
27
Calculate the remainder when 2339 is divided by 490.
379
Calculate the remainder when 142408 is divided by 98.
14
Calculate the remainder when 6877 is divided by 642.
457
What is the remainder when 954790 is divided by 1068?
1066
Calculate the remainder when 6091 is divided by 2028.
7
What is the remainder when 1047 is divided by 338?
33
What is the remainder when 4432 is divided by 20?
12
Calculate the remainder when 251269 is divided by 3750.
19
Calculate 